alse
Is 1277 a prime number?
True
Is 152003 a composite number?
False
Is 21727 a composite number?
False
Is 16637 a composite number?
True
Is 406189 a composite number?
True
Is 311653 prime?
True
Is 54794 composite?
True
Is 1961 composite?
True
Is 4699 composite?
True
Is 2234451 a prime number?
False
Is 97 composite?
False
Is 458173 composite?
False
Is 70271 composite?
False
Is 2441677 a composite number?
True
Is 1423 a prime number?
True
Is 11185 a prime number?
False
Is 787999 prime?
True
Is 4709 a prime number?
False
Is 1486855 composite?
True
Is 52133 a prime number?
False
Is 32771 a prime number?
True
Is 33313 a prime number?
False
Is 25439 a prime number?
True
Is 554006 a composite number?
True
Is 10294 prime?
False
Is 16413 a prime number?
False
Is 7009 a composite number?
True
Is 11945 prime?
False
Is 367357 composite?
False
Is 65903 a prime number?
False
Is 889 composite?
True
Is 6341 a composite number?
True
Is 35851 a prime number?
True
Is 53967 a prime number?
False
Is 2214319 composite?
False
Is 84883 a prime number?
False
Is 14099 a prime number?
False
Is 13303 prime?
False
Is 631 prime?
True
Is 19103 a prime number?
False
Is 196109 a composite number?
True
Is 907 composite?
False
Is 12929 prime?
False
Is 5199 prime?
False
Is 22993 a prime number?
True
Is 1689 a composite number?
True
Is 78977 a composite number?
False
Is 17521 a composite number?
True
Is 115697 composite?
True
Is 110137 prime?
False
Is 64045 composite?
True
Is 422779 prime?
False
Is 51451 a composite number?
True
Is 159235 a composite number?
True
Is 13369 a prime number?
False
Is 889 a prime number?
False
Is 2198809 composite?
True
Is 211 a composite number?
False
Is 4227 a composite number?
True
Is 70611 composite?
True
Is 889 prime?
False
Is 43045 prime?
False
Is 75059 a composite number?
True
Is 146301 prime?
False
Is 139393 composite?
False
Is 170179 prime?
True
Is 1182263 a composite number?
True
Is 197803 a composite number?
False
Is 24347 a prime number?
False
Is 120541 prime?
False
Is 35138 a prime number?
False
Is 32947 a prime number?
False
Is 26539 a composite number?
False
Is 30658 a prime number?
False
Is 25735 prime?
False
Is 2532241 prime?
True
Is 50357 a prime number?
False
Is 97085 composite?
True
Is 665429 prime?
True
Is 11189 prime?
False
Is 278017 composite?
False
Is 62354 composite?
True
Is 701637 a prime number?
False
Is 169457 prime?
True
Is 37 composite?
False
Is 99861 composite?
True
Is 25318 a prime number?
False
Is 10533 a prime number?
False
Is 1238659 prime?
True
Is 635 a prime number?
False
Is 705131 a composite number?
True
Is 899485 composite?
True
Is 702719 a prime number?
False
Is 97231 a composite number?
False
Is 11381 a prime number?
False
Is 4987 composite?
False
Is 17903 a prime number?
True
Is 16941 composite?
True
Is 2397907 a prime number?
True
Is 877 a composite number?
False
Is 476977 a composite number?
False
Is 162593 composite?
False
Is 514049 composite?
False
Is 208799 composite?
False
Is 2333 composite?
False
Is 1250707 a prime number?
False
Is 7447 a prime number?
False
Is 7183 composite?
True
Is 115887 a prime number?
False
Is 188339 a prime number?
False
Is 66077 prime?
False
Is 96697 a composite number?
False
Is 11983 prime?
False
Is 105199 a prime number?
True
Is 33081 a composite number?
True
Is 4197 a composite number?
True
Is 9587 a composite number?
False
Is 1583 composite?
False
Is 119005 a prime number?
False
Is 68323 prime?
False
Is 20039 a prime number?
False
Is 29629 a prime number?
True
Is 677318 a prime number?
False
Is 279533 a prime number?
False
Is 222107 a prime number?
True
Is 2221 composite?
False
Is 788653 a prime number?
False
Is 34981 a composite number?
False
Is 122387 prime?
True
Is 512093 a prime number?
True
Is 221758 a prime number?
False
Is 410339 prime?
True
Is 104459 prime?
True
Is 728149 a composite number?
True
Is 38543 a composite number?
False
Is 3511 a composite number?
False
Is 317 a composite number?
False
Is 7177 composite?
False
Is 3433 a composite number?
False
Is 1712911 prime?
False
Is 1024183 a composite number?
False
Is 222553 composite?
False
Is 14281 composite?
False
Is 191 composite?
False
Is 149657 composite?
True
Is 103 composite?
False
Is 199 prime?
True
Is 1207439 prime?
True
Is 18035 a composite number?
True
Is 29009 composite?
False
Is 69857 prime?
True
Is 12841 composite?
False
Is 87881 prime?
True
Is 4643 prime?
True
Is 116503 prime?
False
Is 31469 a prime number?
True
Is 77927 prime?
False
Is 581729 prime?
True
Is 1519619 composite?
False
Is 2517907 prime?
False
Is 132593 a prime number?
False
Is 111761 composite?
True
Is 3251 a composite number?
False
Is 3569687 composite?
True
Is 2885 composite?
True
Is 62563 a composite number?
False
Is 66145 prime?
False
Is 5399 prime?
True
Is 217273 a prime number?
False
Is 97423 prime?
True
Is 14493 prime?
False
Is 1901 a composite number?
False
Is 246655 a composite number?
True
Is 21869 a composite number?
True
Is 1117 prime?
True
Is 80326 prime?
False
Is 59693 composite?
False
Is 236947 composite?
False
Is 151279 composite?
False
Is 41099 composite?
True
Is 328159 composite?
True
Is 5729 a prime number?
False
Is 891349 a prime number?
True
Is 2174 composite?
True
Is 121031 a prime number?
False
Is 903421 prime?
True
Is 1005061 prime?
False
Is 1253303 a composite number?
True
Is 26853 a prime number?
False
Is 8915 prime?
False
Is 36827 prime?
False
Is 209243 prime?
False
Is 883874 a prime number?
False
Is 168101 a composite number?
True
Is 4547 composite?
False
Is 1523 prime?
True
Is 24637 composite?
True
Is 203531 a composite number?
False
Is 600167 a composite number?
False
Is 96359 a prime number?
False
Is 536813 composite?
True
Is 26819 prime?
False
Is 2429 a prime number?
False
Is 38431 a prime number?
True
Is 21974 prime?
False
Is 289511 a composite number?
False
Is 16817 a composite number?
True
Is 144161 a prime number?
True
Is 200155 a composite number?
True
Is 431 a prime number?
True
Is 18713 prime?
True
Is 4633 a prime number?
False
Is 712119 composite?
True
Is 2777 a prime number?
True
Is 1887673 a prime number?
False
Is 27239 composite?
False
Is 3863 a composite number?
False
Is 209735 composite?
True
Is 454829 a composite number?
True
Is 99998 composite?
True
Is 709 a prime number?
True
Is 75979 composite?
False
Is 110293 a composite number?
True
Is 909229 composite?
True
Is 5261 composite?
False
Is 405211 prime?
True
Is 125701 a composite number?
True
Is 92893 composite?
False
Is 5923 a prime number?
True
Is 14693 a composite number?
True
Is 340331 composite?
True
Is 175951 a composite number?
True
Is 84815 prime?
False
Is 320377 composite?
False
Is 262807 a prime number?
True
Is 4789 prime?
True
Is 42767 a composite number?
False
Is 577237 a prime number?
False
Is 115679 prime?
True
Is 42843 prime?
False
Is 3371 prime?
True
Is 151531 composite?
False
Is 22343 prime?
True
Is 1397 prime?
False
Is 380179 composite?
False
Is 34149 prime?
False
Is 409 a composite number?
False
Is 13655 a prime number?
False
Is 115201 a prime number?
True
Is 8353 a prime number?
True
Is 7241 prime?
False
Is 43087 a composite number?
True
Is 79441 prime?
False
Is 3831 prime?
False
Is 1131481 a composite number?
True
Is 863 a prime number?
True
Is 12677 composite?
True
Is 526 composite?
True
Is 66227 prime?
False
Is 40643 a prime number?
False
Is 146191 composite?
False
Is 203713 composite?
False
Is 28901 composite?
False
Is 19123 a composite number?
True
Is 173021 composite?
False
Is 590405 a prime number?
False
Is 6814 composite?
True
Is 129671 prime?
True
Is 568349 prime?
True
Is 1594793 composite?
False
Is 1639 a composite number?
True
Is 667417 composite?
False
Is 8209 composite?
False
Is 388763 composite?
True
Is 3457 a composite number?
False
Is 1073 a prime number?
False
Is 235 a prime number?
False
Is 596317 a prime number?
True
Is 629 prime?
False
Is 67103 a prime number?
True
Is 32437 a prime number?
False
Is 990487 prime?
True
Is 1153949 a prime number?
False
Is 1241 prime?
False
Is 668347 prime?
True
Is 1404757 a composite number?
True
Is 14441 a composite number?
True
Is 1931 prime?
True
Is 1041 composite?
True
Is 12889 composite?
False
Is 623173 prime?
False
Is 47485 composite?
True
Is 1809215 a prime 